{"id":3385,"date":"2015-11-18T14:08:10","date_gmt":"2015-11-18T13:08:10","guid":{"rendered":"http:\/\/public-worxs.com\/growi\/?page_id=3385"},"modified":"2019-01-10T10:43:14","modified_gmt":"2019-01-10T09:43:14","slug":"nah-fernwaerme","status":"publish","type":"page","link":"https:\/\/growi-hs.de\/index.php\/heiztechnik-solar\/nah-fernwaerme\/","title":{"rendered":"Nah- und Fernw\u00e4rme"},"content":{"rendered":"<div  style='padding-bottom:15px; ' class='av-special-heading av-special-heading-h2    avia-builder-el-0  el_before_av_textblock  avia-builder-el-first  '><h2 class='av-special-heading-tag '  itemprop=\"headline\"  >Nah- und Fernw\u00e4rme<\/h2><div class='special-heading-border'><div class='special-heading-inner-border' ><\/div><\/div><\/div>\n<section class=\"av_textblock_section \"  itemscope=\"itemscope\" itemtype=\"https:\/\/schema.org\/CreativeWork\" ><div class='avia_textblock  '   itemprop=\"text\" ><p>[layerslider id=&#8220;7&#8243;]<\/p>\n<p class=\"p1\">Nutzen Sie Nah- und Fernw\u00e4rme effizient. Mit bedarfsgerechten \u00dcbergabestationen im Leistungsbereich von 5 kW und ca. 15 MW.. Die hochwertigen Kompaktformteile vereinen gleich mehrere Funktionen. Sie sind montiert und sorgen f\u00fcr eine pr\u00e4zise, robuste und platzsparende Bauweise. Sie sind je nach Baureihe in einem Isoliergeh\u00e4use, einem Schrank oder auf einem Montagerahmen montiert.<\/p>\n<p class=\"p1\"><span class=\"s1\">Ob direkter oder indirekter Fernw\u00e4rmeanschluss, Heizkreise oder Trinkwassersysteme, die Komponenten bestimmen Sie. Das Ergebnis: hochwertige \u00dcbergabestationen nach Ma\u00df. \u00dcbrigens:\u00a0 Fernw\u00e4rmekompaktstationen sind CE-zertifiziert und stehen f\u00fcr Qualit\u00e4t, Sicherheit sowie Langlebigkeit.<\/span><\/p>\n<p class=\"p1\"><span class=\"s1\">Die Vorteile der Fernw\u00e4rme liegen auf der Hand. Sie ist umweltfreundlich, komfortabel. Noch viele weitere Vorteile reihen sich ein, wenn es um das Thema Fernw\u00e4rme geht, doch wo Licht ist, ist in der Regel auch Schatten. Bei der Fernw\u00e4rme gibt es demnach nicht nur positive Aspekte, sondern auch einige negative Seiten.<\/span><\/p>\n<p class=\"p1\"><span class=\"s1\">Bevor mit einem Fernw\u00e4rmeanschluss gelieb\u00e4ugelt und auf den modernen Energietr\u00e4ger umgestiegen wird, sollten die Vor- und Nachteile daher genau gegeneinander abgewogen werden. So lassen sich schon im Vorfeld viele, durch mangelndes Wissen oft zu hoch gesteckte Erwartungen eind\u00e4mmen und Entt\u00e4uschungen vermeiden.<\/span><\/p>\n<p class=\"p1\"><span class=\"s1\">\u00a0<\/span><\/p>\n<\/div><\/section>\n<div  style=' margin-top:40px; margin-bottom:30px;'  class='hr hr-custom hr-center hr-icon-yes   avia-builder-el-2  el_after_av_textblock  el_before_av_notification '><span class='hr-inner   inner-border-av-border-thin' style=' width:50px; border-color:#d6d6d6;' ><span class='hr-inner-style'><\/span><\/span><span class='av-seperator-icon' style='color:#ededed;' aria-hidden='true' data-av_icon='\ue808' data-av_iconfont='entypo-fontello'><\/span><span class='hr-inner   inner-border-av-border-thin' style=' width:50px; border-color:#d6d6d6;' ><span class='hr-inner-style'><\/span><\/span><\/div>\n<div id='avia-messagebox-'style='background-color:#efefef; color:#0a0a0a; ' class='avia_message_box  avia-color-custom avia-size-large avia-icon_select-yes avia-border-dashed  avia-builder-el-3  el_after_av_hr  el_before_av_hr '><span class='avia_message_box_title' >Unser Service<\/span><div class='avia_message_box_content' ><span class='avia_message_box_icon' aria-hidden='true' data-av_icon='\ue81e' data-av_iconfont='entypo-fontello'><\/span><p>Lassen Sie Ihre Heizung jetzt auf erneuerbare Energien umstellen und erhalten Sie attraktiven Investitionszusch\u00fcssen. Auf diese Weise kann jeder Einzelne einen Beitrag zur Energiewende leisten und dank der BAFA-F\u00f6rderung bares Geld sparen.<\/p>\n<p><a href=\"https:\/\/growi-hs.de\/index.php\/foerderung-durch-den-staat\/\">Hier finden Sie weitere Infos<\/a><\/p>\n<\/div><\/div>\n<div   class='hr hr-default   avia-builder-el-4  el_after_av_notification  avia-builder-el-last '><span class='hr-inner ' ><span class='hr-inner-style'><\/span><\/span><\/div>\n","protected":false},"excerpt":{"rendered":"","protected":false},"author":1,"featured_media":0,"parent":3292,"menu_order":0,"comment_status":"open","ping_status":"open","template":"","meta":[],"_links":{"self":[{"href":"https:\/\/growi-hs.de\/index.php\/wp-json\/wp\/v2\/pages\/3385"}],"collection":[{"href":"https:\/\/growi-hs.de\/index.php\/wp-json\/wp\/v2\/pages"}],"about":[{"href":"https:\/\/growi-hs.de\/index.php\/wp-json\/wp\/v2\/types\/page"}],"author":[{"embeddable":true,"href":"https:\/\/growi-hs.de\/index.php\/wp-json\/wp\/v2\/users\/1"}],"replies":[{"embeddable":true,"href":"https:\/\/growi-hs.de\/index.php\/wp-json\/wp\/v2\/comments?post=3385"}],"version-history":[{"count":5,"href":"https:\/\/growi-hs.de\/index.php\/wp-json\/wp\/v2\/pages\/3385\/revisions"}],"predecessor-version":[{"id":3521,"href":"https:\/\/growi-hs.de\/index.php\/wp-json\/wp\/v2\/pages\/3385\/revisions\/3521"}],"up":[{"embeddable":true,"href":"https:\/\/growi-hs.de\/index.php\/wp-json\/wp\/v2\/pages\/3292"}],"wp:attachment":[{"href":"https:\/\/growi-hs.de\/index.php\/wp-json\/wp\/v2\/media?parent=3385"}],"curies":[{"name":"wp","href":"https:\/\/api.w.org\/{rel}","templated":true}]}}