{"id":3545,"date":"2017-11-27T12:25:53","date_gmt":"2017-11-27T11:25:53","guid":{"rendered":"http:\/\/growi-hs.de\/?page_id=3545"},"modified":"2019-01-10T10:41:00","modified_gmt":"2019-01-10T09:41:00","slug":"klimatechnik","status":"publish","type":"page","link":"https:\/\/growi-hs.de\/index.php\/sanierung\/klimatechnik\/","title":{"rendered":"Klimatechnik"},"content":{"rendered":"<div  style='padding-bottom:25px; ' class='av-special-heading av-special-heading-h2    avia-builder-el-0  el_before_av_textblock  avia-builder-el-first  '><h2 class='av-special-heading-tag '  itemprop=\"headline\"  >Klimatechnik<\/h2><div class='special-heading-border'><div class='special-heading-inner-border' ><\/div><\/div><\/div>\n<section class=\"av_textblock_section \"  itemscope=\"itemscope\" itemtype=\"https:\/\/schema.org\/CreativeWork\" ><div class='avia_textblock  '   itemprop=\"text\" ><p>[layerslider id=&#8220;7&#8243;]<\/p>\n<p>Aufgabe der Klimatechnik ist es, Temperatur, Luftfeuchte und Luftqualit\u00e4t in einem Raum auf die gew\u00fcnschten Werte zu regeln \u2013 unabh\u00e4ngig von inneren (W\u00e4rmequellen wie z.B. Personen, EDV, Beleuchtung) und \u00e4u\u00dferen Lasten (Sonneneinstrahlung, Transmissionsw\u00e4rmeverluste \u2013 bzw. gewinne etc.) Dazu dienen Maschinen und Einrichtungen, sogenannte Klimaanlagen, die mit geeigneter Luftf\u00fchrung W\u00e4rme abf\u00fchren (k\u00fchlen) oder zuf\u00fchren (heizen), die Feuchtigkeit steigern (befeuchten) oder absenken (entfeuchten) und die eingesetzten Medien (Luft, Wasser) transportieren.<\/p>\n<p>Klimatechnik findet f\u00fcr verschiedenen Nutzungsbereiche, wie B\u00fcro- und Wohngeb\u00e4uden, Fertigungsst\u00e4tten, Lagerh\u00e4usern, Gew\u00e4chsh\u00e4usern, oder in der Prozesstechnik (Windkan\u00e4le, Pr\u00fcftechnik, Klimakammern etc.) Anwendung.<\/p>\n<p>Die Luftbewegung der Anlage sollte man nicht sp\u00fcren. In Komfortbereichen (z.B. B\u00fcro- und Besprechungsr\u00e4umen) werden dazu meist Raumluftgeschwindigkeiten unterhalb von 0,2 m\/s gefordert.<\/p>\n<\/div><\/section>\n<div  style=' margin-top:40px; margin-bottom:30px;'  class='hr hr-custom hr-center hr-icon-yes   avia-builder-el-2  el_after_av_textblock  el_before_av_notification '><span class='hr-inner   inner-border-av-border-thin' style=' width:50px; border-color:#d6d6d6;' ><span class='hr-inner-style'><\/span><\/span><span class='av-seperator-icon' style='color:#ededed;' aria-hidden='true' data-av_icon='\ue808' data-av_iconfont='entypo-fontello'><\/span><span class='hr-inner   inner-border-av-border-thin' style=' width:50px; border-color:#d6d6d6;' ><span class='hr-inner-style'><\/span><\/span><\/div>\n<div id='avia-messagebox-'style='background-color:#efefef; color:#0a0a0a; ' class='avia_message_box  avia-color-custom avia-size-large avia-icon_select-yes avia-border-dashed  avia-builder-el-3  el_after_av_hr  el_before_av_hr '><span class='avia_message_box_title' >Unser Service<\/span><div class='avia_message_box_content' ><span class='avia_message_box_icon' aria-hidden='true' data-av_icon='\ue81e' data-av_iconfont='entypo-fontello'><\/span><p>Lassen Sie Ihre Heizung jetzt auf erneuerbare Energien umstellen und erhalten Sie attraktiven Investitionszusch\u00fcssen. Auf diese Weise kann jeder Einzelne einen Beitrag zur Energiewende leisten und dank der BAFA-F\u00f6rderung bares Geld sparen.<\/p>\n<p><a href=\"https:\/\/growi-hs.de\/index.php\/foerderung-durch-den-staat\/\">Hier finden Sie weitere Infos<\/a><\/p>\n<\/div><\/div>\n<div   class='hr hr-default   avia-builder-el-4  el_after_av_notification  avia-builder-el-last '><span class='hr-inner ' ><span class='hr-inner-style'><\/span><\/span><\/div>\n","protected":false},"excerpt":{"rendered":"","protected":false},"author":2,"featured_media":0,"parent":3304,"menu_order":0,"comment_status":"open","ping_status":"open","template":"","meta":[],"_links":{"self":[{"href":"https:\/\/growi-hs.de\/index.php\/wp-json\/wp\/v2\/pages\/3545"}],"collection":[{"href":"https:\/\/growi-hs.de\/index.php\/wp-json\/wp\/v2\/pages"}],"about":[{"href":"https:\/\/growi-hs.de\/index.php\/wp-json\/wp\/v2\/types\/page"}],"author":[{"embeddable":true,"href":"https:\/\/growi-hs.de\/index.php\/wp-json\/wp\/v2\/users\/2"}],"replies":[{"embeddable":true,"href":"https:\/\/growi-hs.de\/index.php\/wp-json\/wp\/v2\/comments?post=3545"}],"version-history":[{"count":3,"href":"https:\/\/growi-hs.de\/index.php\/wp-json\/wp\/v2\/pages\/3545\/revisions"}],"predecessor-version":[{"id":3547,"href":"https:\/\/growi-hs.de\/index.php\/wp-json\/wp\/v2\/pages\/3545\/revisions\/3547"}],"up":[{"embeddable":true,"href":"https:\/\/growi-hs.de\/index.php\/wp-json\/wp\/v2\/pages\/3304"}],"wp:attachment":[{"href":"https:\/\/growi-hs.de\/index.php\/wp-json\/wp\/v2\/media?parent=3545"}],"curies":[{"name":"wp","href":"https:\/\/api.w.org\/{rel}","templated":true}]}}